{"id":366,"date":"2020-01-13T11:17:52","date_gmt":"2020-01-13T11:17:52","guid":{"rendered":"https:\/\/demosites.io\/web-agency-gb\/?page_id=5"},"modified":"2022-12-02T14:13:07","modified_gmt":"2022-12-02T13:13:07","slug":"15c42-web-agency-gb-home-2","status":"publish","type":"page","link":"https:\/\/eipaie.com\/index.php\/15c42-web-agency-gb-home-2\/","title":{"rendered":"Home"},"content":{"rendered":"\n<div class=\"wp-block-cover alignfull is-light\" style=\"min-height:700px;aspect-ratio:unset;\"><span aria-hidden=\"true\" class=\"wp-block-cover__background has-background-dim-0 has-background-dim\"><\/span><img loading=\"lazy\" decoding=\"async\" width=\"940\" height=\"788\" class=\"wp-block-cover__image-background wp-image-444\" alt=\"\" src=\"http:\/\/eipaie.com\/wp-content\/uploads\/2022\/11\/Sans-titre-1-3.png\" data-object-fit=\"cover\" srcset=\"https:\/\/eipaie.com\/wp-content\/uploads\/2022\/11\/Sans-titre-1-3.png 940w, https:\/\/eipaie.com\/wp-content\/uploads\/2022\/11\/Sans-titre-1-3-300x251.png 300w, https:\/\/eipaie.com\/wp-content\/uploads\/2022\/11\/Sans-titre-1-3-768x644.png 768w\" sizes=\"auto, (max-width: 940px) 100vw, 940px\" \/><div class=\"wp-block-cover__inner-container is-layout-flow wp-block-cover-is-layout-flow\">\n<div style=\"height:80px\" aria-hidden=\"true\" class=\"wp-block-spacer\"><\/div>\n\n\n\n<h1 class=\"has-text-align-center has-text-color wp-block-heading\" style=\"color:#602ff7\"><kbd>Offre Expert-Comptable<\/kbd><br><font _mstmutation=\"1\" _msthash=\"0\"><\/h1>\n\n\n\n<h3 class=\"has-text-align-center has-neve-text-color-color has-text-color wp-block-heading\"><kbd><font _mstmutation=\"1\" _msthash=\"6209944\" _msttexthash=\"6209944\">EiPAIE est le partenaire id\u00e9al pour accompagner les Experts-comptables. Nous g\u00e9rons la partie sociale de votre cabinet<\/font><\/kbd><font _mstmutation=\"1\" _msthash=\"10195\" _msttexthash=\"10647\"><kbd> pour vous laisser le temps de d\u00e9velopper votre activit\u00e9.<\/kbd> <\/font><font _mstmutation=\"1\" _msthash=\"3\"><\/h3>\n\n\n\n<p class=\"has-text-align-center\"><\/p>\n\n\n\n<p class=\"has-text-align-center has-text-color\" style=\"color:#121212;font-size:17px\">D<kbd><font _mstmutation=\"1\" _msthash=\"1037727\" _msttexthash=\"16657758\">\u00e9l\u00e9guez le risque d\u2019erreur, et simplifier la gestion sociale de votre cabinet gr\u00e2ce \u00e0 nos offres sur mesure. <kbd>Afin de proposer une offre compl\u00e8te \u00e0 vos clients choisissez <strong>EiPAIE<\/strong> pour vous accompagner sur la partie RH et PAIE de votre cabinet.<\/kbd><\/font><\/kbd><font _mstmutation=\"1\" _msthash=\"1\"><\/p>\n\n\n\n<div class=\"wp-block-buttons is-horizontal is-content-justification-center is-layout-flex wp-container-core-buttons-is-layout-499968f5 wp-block-buttons-is-layout-flex\">\n<div class=\"wp-block-button is-style-secondary\"><a class=\"wp-block-button__link wp-element-button\" href=\"http:\/\/eipaie.com\/index.php\/15c42-web-agency-gb-contact-us\/\"><kbd>CONTACTEZ-NOUS<\/kbd><font _mstmutation=\"1\" _msthash=\"2\"><\/font><\/a><\/div>\n<\/div>\n\n\n\n<div style=\"height:80px\" aria-hidden=\"true\" class=\"wp-block-spacer\"><\/div>\n\n\n\n<div style=\"height:80px\" aria-hidden=\"true\" class=\"wp-block-spacer\"><\/div>\n<\/div><\/div>\n\n\n\n<div class=\"wp-block-cover alignfull\" style=\"min-height:600px;aspect-ratio:unset;\"><span aria-hidden=\"true\" class=\"wp-block-cover__background has-nv-site-bg-background-color has-background-dim-100 has-background-dim\"><\/span><div class=\"wp-block-cover__inner-container is-layout-flow wp-block-cover-is-layout-flow\">\n<div class=\"wp-block-group\"><div class=\"wp-block-group__inner-container is-layout-flow wp-block-group-is-layout-flow\">\n<div style=\"height:80px\" aria-hidden=\"true\" class=\"wp-block-spacer\"><\/div>\n\n\n\n<div class=\"wp-block-columns are-vertically-aligned-center is-layout-flex wp-container-core-columns-is-layout-9d6595d7 wp-block-columns-is-layout-flex\">\n<div class=\"wp-block-column is-vertically-aligned-center is-layout-flow wp-block-column-is-layout-flow\" style=\"flex-basis:50%\">\n<figure class=\"wp-block-image size-full\"><img loading=\"lazy\" decoding=\"async\" width=\"500\" height=\"500\" src=\"http:\/\/eipaie.com\/wp-content\/uploads\/2022\/11\/Sans-titre-8.png\" alt=\"\" class=\"wp-image-668\" srcset=\"https:\/\/eipaie.com\/wp-content\/uploads\/2022\/11\/Sans-titre-8.png 500w, https:\/\/eipaie.com\/wp-content\/uploads\/2022\/11\/Sans-titre-8-300x300.png 300w, https:\/\/eipaie.com\/wp-content\/uploads\/2022\/11\/Sans-titre-8-150x150.png 150w\" sizes=\"auto, (max-width: 500px) 100vw, 500px\" \/><\/figure>\n<\/div>\n\n\n\n<div class=\"wp-block-column is-vertically-aligned-center is-layout-flow wp-block-column-is-layout-flow\" style=\"flex-basis:50%\">\n<div style=\"height:20px\" aria-hidden=\"true\" class=\"wp-block-spacer\"><\/div>\n\n\n\n<h2 class=\"has-text-align-left has-text-color wp-block-heading\" style=\"color:#602ff7\"><kbd>Offre sous traitance<\/kbd><font _mstmutation=\"1\" _msthash=\"4\"><\/font><\/h2>\n\n\n\n<p class=\"has-text-align-left has-neve-text-color-color has-text-color\" style=\"font-size:17px\"><kbd>Vous souhaitez restez l'interm\u00e9diaire de vos clients pour la partie sociale ? <\/kbd><\/p>\n\n\n\n<p class=\"has-text-align-left has-neve-text-color-color has-text-color\" style=\"font-size:17px\"><kbd>Mais vous savez que le recrutement et la formation d\u2019un service social prend du temps.<\/kbd> <kbd>Nous adaptons notre accompagnement \u00e0 votre fonctionnement et vous proposons une offre de sous traitance adapt\u00e9e<\/kbd>.<font _mstmutation=\"1\" _msthash=\"6\"><\/p>\n\n\n\n<div class=\"wp-block-buttons is-horizontal is-content-justification-left is-layout-flex wp-container-core-buttons-is-layout-7e5fce0a wp-block-buttons-is-layout-flex\"><\/div>\n<\/div>\n<\/div>\n\n\n\n<div style=\"height:40px\" aria-hidden=\"true\" class=\"wp-block-spacer\"><\/div>\n<\/div><\/div>\n<\/div><\/div>\n\n\n\n<div class=\"wp-block-cover alignfull has-parallax\" style=\"min-height:600px;aspect-ratio:unset;\"><span aria-hidden=\"true\" class=\"wp-block-cover__background has-nv-site-bg-background-color has-background-dim-100 has-background-dim\"><\/span><div role=\"img\" class=\"wp-block-cover__image-background wp-image-444 has-parallax\" style=\"background-position:50% 50%;background-image:url(http:\/\/eipaie.com\/wp-content\/uploads\/2022\/11\/Sans-titre-1-3.png)\"><\/div><div class=\"wp-block-cover__inner-container is-layout-flow wp-block-cover-is-layout-flow\">\n<div class=\"wp-block-group\"><div class=\"wp-block-group__inner-container is-layout-flow wp-block-group-is-layout-flow\">\n<div style=\"height:80px\" aria-hidden=\"true\" class=\"wp-block-spacer\"><\/div>\n\n\n\n<div class=\"wp-block-columns are-vertically-aligned-center is-layout-flex wp-container-core-columns-is-layout-9d6595d7 wp-block-columns-is-layout-flex\">\n<div class=\"wp-block-column is-vertically-aligned-center is-layout-flow wp-block-column-is-layout-flow\" style=\"flex-basis:50%\">\n<h2 class=\"has-text-align-left has-neve-text-color-color has-text-color wp-block-heading\"><kbd>Offre externalisation<\/kbd><font _mstmutation=\"1\" _msthash=\"5\"><\/font><\/h2>\n\n\n\n<p class=\"has-text-align-left has-neve-text-color-color has-text-color\" style=\"font-size:17px\"> <kbd>Vous n'avez pas de temps \u00e0 consacrer \u00e0 la gestion sociale de votre cabinet. Nous pouvons intervenir directement aupr\u00e8s de vos clients pour un gain de temps.   <\/kbd><font _mstmutation=\"1\" _msthash=\"7\"><\/p>\n\n\n\n<div class=\"wp-block-buttons is-horizontal is-content-justification-left is-layout-flex wp-container-core-buttons-is-layout-7e5fce0a wp-block-buttons-is-layout-flex\"><\/div>\n\n\n\n<div style=\"height:40px\" aria-hidden=\"true\" class=\"wp-block-spacer\"><\/div>\n<\/div>\n\n\n\n<div class=\"wp-block-column is-vertically-aligned-center is-layout-flow wp-block-column-is-layout-flow\" style=\"flex-basis:50%\">\n<figure class=\"wp-block-image size-full\"><img loading=\"lazy\" decoding=\"async\" width=\"500\" height=\"500\" src=\"http:\/\/eipaie.com\/wp-content\/uploads\/2022\/11\/Sans-titre-10.png\" alt=\"\" class=\"wp-image-674\" srcset=\"https:\/\/eipaie.com\/wp-content\/uploads\/2022\/11\/Sans-titre-10.png 500w, https:\/\/eipaie.com\/wp-content\/uploads\/2022\/11\/Sans-titre-10-300x300.png 300w, https:\/\/eipaie.com\/wp-content\/uploads\/2022\/11\/Sans-titre-10-150x150.png 150w\" sizes=\"auto, (max-width: 500px) 100vw, 500px\" \/><\/figure>\n<\/div>\n<\/div>\n\n\n\n<div style=\"height:40px\" aria-hidden=\"true\" class=\"wp-block-spacer\"><\/div>\n<\/div><\/div>\n<\/div><\/div>\n\n\n\n<div class=\"wp-block-cover alignfull\" style=\"min-height:600px;aspect-ratio:unset;\"><span aria-hidden=\"true\" class=\"wp-block-cover__background has-nv-site-bg-background-color has-background-dim-100 has-background-dim\"><\/span><div class=\"wp-block-cover__inner-container is-layout-flow wp-block-cover-is-layout-flow\">\n<div class=\"wp-block-group\"><div class=\"wp-block-group__inner-container is-layout-flow wp-block-group-is-layout-flow\">\n<div style=\"height:80px\" aria-hidden=\"true\" class=\"wp-block-spacer\"><\/div>\n\n\n\n<div class=\"wp-block-columns are-vertically-aligned-center has-nv-dark-bg-color has-text-color is-layout-flex wp-container-core-columns-is-layout-9d6595d7 wp-block-columns-is-layout-flex\">\n<div class=\"wp-block-column is-vertically-aligned-center is-layout-flow wp-block-column-is-layout-flow\" style=\"flex-basis:50%\">\n<figure class=\"wp-block-image size-full\"><img loading=\"lazy\" decoding=\"async\" width=\"500\" height=\"500\" src=\"http:\/\/eipaie.com\/wp-content\/uploads\/2022\/11\/Sans-titre-7.png\" alt=\"\" class=\"wp-image-663\" srcset=\"https:\/\/eipaie.com\/wp-content\/uploads\/2022\/11\/Sans-titre-7.png 500w, https:\/\/eipaie.com\/wp-content\/uploads\/2022\/11\/Sans-titre-7-300x300.png 300w, https:\/\/eipaie.com\/wp-content\/uploads\/2022\/11\/Sans-titre-7-150x150.png 150w\" sizes=\"auto, (max-width: 500px) 100vw, 500px\" \/><\/figure>\n<\/div>\n\n\n\n<div class=\"wp-block-column is-vertically-aligned-center is-layout-flow wp-block-column-is-layout-flow\" style=\"flex-basis:50%\">\n<div style=\"height:40px\" aria-hidden=\"true\" class=\"wp-block-spacer\"><\/div>\n\n\n\n<h2 class=\"has-text-align-left has-text-color wp-block-heading\" style=\"color:#602ff7\"><kbd>Accompagnement juridique.<\/kbd><\/h2>\n\n\n\n<p class=\"has-text-align-left has-nv-dark-bg-color has-text-color\" style=\"font-size:17px\"><kbd>Nous allons plus loin que la production des bulletins de paie et des d\u00e9clarations de charges. Nous proposons un vrai conseil juridique aupr\u00e8s des clients.<\/kbd><\/p>\n\n\n\n<div class=\"wp-block-buttons is-horizontal is-content-justification-left is-layout-flex wp-container-core-buttons-is-layout-7e5fce0a wp-block-buttons-is-layout-flex\"><\/div>\n<\/div>\n<\/div>\n\n\n\n<div style=\"height:50px\" aria-hidden=\"true\" class=\"wp-block-spacer\"><\/div>\n<\/div><\/div>\n<\/div><\/div>\n\n\n\n<div class=\"wp-block-cover alignfull is-light has-parallax\" style=\"min-height:621px;aspect-ratio:unset;\"><span aria-hidden=\"true\" class=\"wp-block-cover__background has-nv-site-bg-background-color has-background-dim\"><\/span><div role=\"img\" class=\"wp-block-cover__image-background wp-image-444 has-parallax\" style=\"background-position:50% 50%;background-image:url(http:\/\/eipaie.com\/wp-content\/uploads\/2022\/11\/Sans-titre-1-3.png)\"><\/div><div class=\"wp-block-cover__inner-container is-layout-flow wp-block-cover-is-layout-flow\">\n<div class=\"wp-block-columns has-nv-site-bg-background-color has-background is-layout-flex wp-container-core-columns-is-layout-9d6595d7 wp-block-columns-is-layout-flex\">\n<div class=\"wp-block-column ticss-4ce656f1 is-layout-flow wp-block-column-is-layout-flow\">\n<p class=\"has-text-align-center has-nv-dark-bg-color has-text-color\"><kbd><strong>Gestion de la paie<\/strong><\/kbd><font _mstmutation=\"1\" _msthash=\"1324414\"><\/font><\/p>\n\n\n\n<p class=\"has-neve-text-color-color has-text-color\">&#8211; <kbd>Param\u00e9trage volet social entreprise et salari\u00e9s<\/kbd><\/p>\n\n\n\n<p class=\"has-neve-text-color-color has-text-color\"><font _mstmutation=\"1\" _msthash=\"945932\" _msttexthash=\"12831\">&#8211;<\/font><font _mstmutation=\"1\" _msthash=\"945934\" _msttexthash=\"7644\"> <\/font><kbd>Traitement et calcul de la paie<\/kbd><\/p>\n\n\n\n<p class=\"has-neve-text-color-color has-text-color\"><kbd>-<\/kbd><font _mstmutation=\"1\" _msthash=\"992010\" _msttexthash=\"7644\"> T<\/font><kbd>raitement et calcul des DSN <\/kbd> <\/p>\n\n\n\n<p class=\"has-neve-text-color-color has-text-color\"><font _mstmutation=\"1\" _msthash=\"954356\" _msttexthash=\"11063\">&#8211; <\/font><kbd>Calcul des indemnit\u00e9s de sortie<\/kbd><\/p>\n\n\n\n<p class=\"has-neve-text-color-color has-text-color\"><font _mstmutation=\"1\" _msthash=\"1054612\" _msttexthash=\"12935\">&#8211;<\/font><kbd> Attestations de salaires <\/kbd><font _mstmutation=\"1\" _msthash=\"1\"><\/font><\/p>\n\n\n\n<div style=\"height:20px\" aria-hidden=\"true\" class=\"wp-block-spacer\"><\/div>\n<\/div>\n\n\n\n<div class=\"wp-block-column ticss-f6fc7494 is-layout-flow wp-block-column-is-layout-flow\">\n<p class=\"has-text-align-center has-neve-text-color-color has-text-color\"><kbd><strong>Gestion administratif RH<\/strong><\/kbd><font _mstmutation=\"1\" _msthash=\"2\"><\/font><\/p>\n\n\n\n<p><kbd>- <\/kbd><font _mstmutation=\"1\" _msthash=\"1017531\" _msttexthash=\"18330\"><kbd>Formalit\u00e9s d'embauche ( DPAE, adh\u00e9sion mutuelle, pr\u00e9voyance...)<\/kbd><\/font><font _mstmutation=\"1\" _msthash=\"46540\"><\/font><\/p>\n\n\n\n<p class=\"has-text-align-left has-neve-text-color-color has-text-color\"><font _mstmutation=\"1\" _msthash=\"1033072\" _msttexthash=\"1344837\">&#8211; <\/font><kbd><font _mstmutation=\"1\" _msthash=\"1033072\" _msttexthash=\"1344837\">Accompagnement \u00e0 la r\u00e9daction de contrat<\/font> et avenant<\/kbd><\/p>\n\n\n\n<p class=\"has-text-align-left has-neve-text-color-color has-text-color\"><font _mstmutation=\"1\" _msthash=\"975273\" _msttexthash=\"11271\">&#8211; <\/font><kbd>R\u00e9daction des documents de fin de contrats<\/kbd><\/p>\n\n\n\n<p class=\"has-text-align-left has-neve-text-color-color has-text-color\"><font _mstmutation=\"1\" _msthash=\"1128296\" _msttexthash=\"12935\">&#8211;<\/font><kbd> Suivi des absences, cong\u00e9s, RTT... <\/kbd><font _mstmutation=\"1\" _msthash=\"3\"><\/font><\/p>\n\n\n\n<p class=\"has-neve-text-color-color has-text-color\"><font _mstmutation=\"1\" _msthash=\"4\"><\/font><\/p>\n\n\n\n<div style=\"height:20px\" aria-hidden=\"true\" class=\"wp-block-spacer\"><\/div>\n<\/div>\n\n\n\n<div class=\"wp-block-column ticss-a5b4df29 is-layout-flow wp-block-column-is-layout-flow\">\n<p class=\"has-text-align-center has-neve-text-color-color has-text-color\"><kbd><strong>Juridique<\/strong><\/kbd><\/p>\n\n\n\n<p class=\"has-nv-dark-bg-color has-text-color\"><font _mstmutation=\"1\" _msthash=\"1101477\" _msttexthash=\"12935\">&#8211;<\/font><kbd> Assistante lors des contr\u00f4les des organismes sociaux<\/kbd><\/p>\n\n\n\n<p><font _mstmutation=\"1\" _msthash=\"915889\" _msttexthash=\"12935\">&#8211;<\/font><kbd> Accompagnement \u00e0 la mise en conformit\u00e9 des obligations l\u00e9gales <\/kbd><font _mstmutation=\"1\" _msthash=\"999349\"><\/font><\/p>\n\n\n\n<p class=\"has-nv-dark-bg-color has-text-color\"><font _mstmutation=\"1\" _msthash=\"1076335\" _msttexthash=\"12623\">&#8211; <\/font><kbd>R\u00e9dactions proc\u00e9dure rupture conventionnelle<\/kbd><\/p>\n\n\n\n<p><font _mstmutation=\"1\" _msthash=\"1013351\" _msttexthash=\"11063\">&#8211; <\/font><kbd>Conseil et veille juridique<\/kbd><font _mstmutation=\"1\" _msthash=\"1013350\"><\/font><\/p>\n\n\n\n<p><font _mstmutation=\"1\" _msthash=\"1006512\"><\/font><\/p>\n\n\n\n<p class=\"has-nv-dark-bg-color has-text-color\"><font _mstmutation=\"1\" _msthash=\"46675\"><\/font><\/p>\n\n\n\n<p class=\"has-neve-text-color-color has-text-color\"><font _mstmutation=\"1\" _msthash=\"5\"><\/font><\/p>\n\n\n\n<div style=\"height:20px\" aria-hidden=\"true\" class=\"wp-block-spacer\"><\/div>\n<\/div>\n<\/div>\n\n\n\n<div style=\"height:80px\" aria-hidden=\"true\" class=\"wp-block-spacer\"><\/div>\n\n\n\n<div style=\"height:30px\" aria-hidden=\"true\" class=\"wp-block-spacer\"><\/div>\n<\/div><\/div>\n\n\n\n<div class=\"wp-block-cover alignfull is-light has-parallax\" style=\"min-height:300px;aspect-ratio:unset;\"><span aria-hidden=\"true\" class=\"wp-block-cover__background has-nv-light-bg-background-color has-background-dim-0 has-background-dim\"><\/span><div role=\"img\" class=\"wp-block-cover__image-background wp-image-442 has-parallax\" style=\"background-position:50% 50%;background-image:url(http:\/\/eipaie.com\/wp-content\/uploads\/2022\/11\/Sans-titre-1-2.png)\"><\/div><div class=\"wp-block-cover__inner-container is-layout-flow wp-block-cover-is-layout-flow\">\n<div style=\"height:140px\" aria-hidden=\"true\" class=\"wp-block-spacer\"><\/div>\n\n\n\n<h2 class=\"has-text-align-center has-nv-dark-bg-color has-text-color wp-block-heading\">Travaillons ensemble pour un gain de temps et d\u2019efficacit\u00e9.<\/h2>\n\n\n\n<p class=\"has-text-align-center has-nv-dark-bg-color has-text-color\">Vous avez une questions, un projet, ou vous souhaitez un devis ?<\/p>\n\n\n\n<div class=\"wp-block-buttons is-horizontal is-content-justification-center is-layout-flex wp-container-core-buttons-is-layout-499968f5 wp-block-buttons-is-layout-flex\">\n<div class=\"wp-block-button is-style-primary\"><a class=\"wp-block-button__link has-nv-site-bg-color has-text-color has-background wp-element-button\" href=\"http:\/\/eipaie.com\/index.php\/15c42-web-agency-gb-contact-us\/\" style=\"background-color:#602ff7\"><kbd>CONTACTEZ-NOUS<\/kbd><font _mstmutation=\"1\" _msthash=\"0\"><\/font><\/a><\/div>\n<\/div>\n\n\n\n<div style=\"height:140px\" aria-hidden=\"true\" class=\"wp-block-spacer\"><\/div>\n<\/div><\/div>\n","protected":false},"excerpt":{"rendered":"","protected":false},"author":1,"featured_media":0,"parent":0,"menu_order":0,"comment_status":"closed","ping_status":"closed","template":"","meta":{"neve_meta_sidebar":"default","neve_meta_container":"default","neve_meta_enable_content_width":"on","neve_meta_content_width":100,"neve_meta_title_alignment":"","neve_meta_author_avatar":"","neve_post_elements_order":"","neve_meta_disable_header":"","neve_meta_disable_footer":"","neve_meta_disable_title":"on","_ti_tpc_template_sync":false,"_ti_tpc_template_id":"cwhkd9lki581rusuhjti","footnotes":""},"class_list":["post-366","page","type-page","status-publish","hentry"],"_links":{"self":[{"href":"https:\/\/eipaie.com\/index.php\/wp-json\/wp\/v2\/pages\/366","targetHints":{"allow":["GET"]}}],"collection":[{"href":"https:\/\/eipaie.com\/index.php\/wp-json\/wp\/v2\/pages"}],"about":[{"href":"https:\/\/eipaie.com\/index.php\/wp-json\/wp\/v2\/types\/page"}],"author":[{"embeddable":true,"href":"https:\/\/eipaie.com\/index.php\/wp-json\/wp\/v2\/users\/1"}],"replies":[{"embeddable":true,"href":"https:\/\/eipaie.com\/index.php\/wp-json\/wp\/v2\/comments?post=366"}],"version-history":[{"count":20,"href":"https:\/\/eipaie.com\/index.php\/wp-json\/wp\/v2\/pages\/366\/revisions"}],"predecessor-version":[{"id":718,"href":"https:\/\/eipaie.com\/index.php\/wp-json\/wp\/v2\/pages\/366\/revisions\/718"}],"wp:attachment":[{"href":"https:\/\/eipaie.com\/index.php\/wp-json\/wp\/v2\/media?parent=366"}],"curies":[{"name":"wp","href":"https:\/\/api.w.org\/{rel}","templated":true}]}}