{"id":308,"date":"2020-01-13T11:17:52","date_gmt":"2020-01-13T11:17:52","guid":{"rendered":"https:\/\/demosites.io\/web-agency-gb\/?page_id=5"},"modified":"2023-09-20T11:26:36","modified_gmt":"2023-09-20T09:26:36","slug":"15c42-web-agency-gb-home","status":"publish","type":"page","link":"https:\/\/eipaie.com\/","title":{"rendered":"\ufffc"},"content":{"rendered":"\n<div class=\"wp-block-cover alignfull is-light\" style=\"min-height:700px;aspect-ratio:unset;\"><span aria-hidden=\"true\" class=\"wp-block-cover__background has-background-dim-0 has-background-dim\"><\/span><img loading=\"lazy\" decoding=\"async\" width=\"940\" height=\"788\" class=\"wp-block-cover__image-background wp-image-444\" alt=\"\" src=\"http:\/\/eipaie.com\/wp-content\/uploads\/2022\/11\/Sans-titre-1-3.png\" data-object-fit=\"cover\" srcset=\"https:\/\/eipaie.com\/wp-content\/uploads\/2022\/11\/Sans-titre-1-3.png 940w, https:\/\/eipaie.com\/wp-content\/uploads\/2022\/11\/Sans-titre-1-3-300x251.png 300w, https:\/\/eipaie.com\/wp-content\/uploads\/2022\/11\/Sans-titre-1-3-768x644.png 768w\" sizes=\"auto, (max-width: 940px) 100vw, 940px\" \/><div class=\"wp-block-cover__inner-container is-layout-flow wp-block-cover-is-layout-flow\">\n<h1 class=\"wp-block-heading has-text-align-center has-nv-dark-bg-color has-text-color has-large-font-size\"><font _mstmutation=\"1\"><\/font><\/h1>\n\n\n\n<p><\/p>\n\n\n\n<h1 class=\"has-text-align-center has-text-color wp-block-heading\" style=\"color:#602ff7\"><font _mstmutation=\"1\" _msttexthash=\"1517438\" _msthash=\"1126789\"><font _mstmutation=\"1\" _msthash=\"1039744\" _msttexthash=\"191672\"><kbd>Simplifiez votre<\/kbd><\/font><\/font><font _mstmutation=\"1\" _msthash=\"982607\" _msttexthash=\"785876\"><font _mstmutation=\"1\" _msthash=\"1126789\" _msttexthash=\"1517438\"><kbd><font _mstmutation=\"1\" _msthash=\"1039744\" _msttexthash=\"733551\"> gestion RH et <\/font><font _mstmutation=\"1\" _msthash=\"1039744\" _msttexthash=\"741039\">P<\/font><font _mstmutation=\"1\" _msthash=\"1039744\" _msttexthash=\"733551\">aie gr\u00e2ce \u00e0 EiPAIE<\/font><\/kbd><\/font><\/font><font _mstmutation=\"1\" _msthash=\"0\"><\/h1>\n\n\n\n<div style=\"height:80px\" aria-hidden=\"true\" class=\"wp-block-spacer\"><\/div>\n\n\n\n<p class=\"has-text-align-center has-text-color\" style=\"color:#121212;font-size:17px\"><kbd><strong>EiPAIE<\/strong><font _mstmutation=\"1\" _msttexthash=\"15947464\" _msthash=\"341\"> conseille et accompagne les cabinets comptables, les TPE\/PME, les associations... dans le domaine RH et <\/font><font _mstmutation=\"1\" _msttexthash=\"15987400\" _msthash=\"341\">P<\/font><font _mstmutation=\"1\" _msttexthash=\"15947464\" _msthash=\"341\">aie. Nous apportons notre expertise en fonction de votre activit\u00e9, <\/font>et des sp\u00e9cificit\u00e9s conventionnelles. <\/kbd><\/p>\n\n\n\n<p class=\"has-text-align-center has-text-color\" style=\"color:#121212;font-size:17px\"><br><kbd><strong>EiPAIE<\/strong> vous propose des offres sur mesure de sous-traitance ou externalisation de la paie afin de vous lib\u00e9rer de cette t\u00e2che pour consacrer votre temps au d\u00e9veloppement de votre activit\u00e9.<\/kbd><font _mstmutation=\"1\" _msthash=\"953725\" _msttexthash=\"1205698\"><font _mstmutation=\"1\" _msthash=\"953724\" _msttexthash=\"1205698\" _istranslated=\"1\"><font _mstmutation=\"1\" _msthash=\"953723\" _msttexthash=\"1793506\" _istranslated=\"1\"><font _mstmutation=\"1\" _msthash=\"0\" _istranslated=\"1\"><\/font><\/font><\/font><\/p>\n\n\n\n<div class=\"wp-block-buttons is-horizontal is-content-justification-center is-layout-flex wp-container-core-buttons-is-layout-499968f5 wp-block-buttons-is-layout-flex\">\n<div class=\"wp-block-button is-style-secondary\"><a class=\"wp-block-button__link wp-element-button\" href=\"http:\/\/eipaie.com\/index.php\/15c42-web-agency-gb-contact-us\/\"><kbd>OBTENIR UN DEVIS<\/kbd><font _mstmutation=\"1\" _msthash=\"0\"><\/font><\/a><\/div>\n<\/div>\n\n\n\n<div style=\"height:80px\" aria-hidden=\"true\" class=\"wp-block-spacer\"><\/div>\n\n\n\n<div style=\"height:80px\" aria-hidden=\"true\" class=\"wp-block-spacer\"><\/div>\n<\/div><\/div>\n\n\n\n<div style=\"height:80px\" aria-hidden=\"true\" class=\"wp-block-spacer\"><\/div>\n\n\n\n<div class=\"wp-block-columns is-layout-flex wp-container-core-columns-is-layout-9d6595d7 wp-block-columns-is-layout-flex\">\n<div class=\"wp-block-column is-layout-flow wp-block-column-is-layout-flow\"><div class=\"wp-block-image icon-style is-style-rounded\">\n<figure class=\"aligncenter size-full is-resized\"><img loading=\"lazy\" decoding=\"async\" src=\"http:\/\/eipaie.com\/wp-content\/uploads\/2022\/11\/Conseil.jpg\" alt=\"\" class=\"wp-image-396\" style=\"width:178px;height:178px\" width=\"178\" height=\"178\" title=\"\" srcset=\"https:\/\/eipaie.com\/wp-content\/uploads\/2022\/11\/Conseil.jpg 693w, https:\/\/eipaie.com\/wp-content\/uploads\/2022\/11\/Conseil-300x300.jpg 300w, https:\/\/eipaie.com\/wp-content\/uploads\/2022\/11\/Conseil-150x150.jpg 150w\" sizes=\"auto, (max-width: 178px) 100vw, 178px\" \/><figcaption class=\"wp-element-caption\"><font _mstmutation=\"1\" _msthash=\"507000\"><\/font><\/figcaption><\/figure>\n<\/div>\n\n\n<h3 class=\"wp-block-heading has-text-align-center has-text-color\" style=\"color:#602ff7\"> Conseils illimit\u00e9s<\/h3>\n\n\n\n<p class=\"has-text-align-center\">Le conseil est inclus dans votre forfait. Aucun co\u00fbt suppl\u00e9mentaire.<\/p>\n\n\n\n<div style=\"height:20px\" aria-hidden=\"true\" class=\"wp-block-spacer\"><\/div>\n<\/div>\n\n\n\n<div class=\"wp-block-column is-layout-flow wp-block-column-is-layout-flow\"><div class=\"wp-block-image icon-style is-style-rounded\">\n<figure class=\"aligncenter size-full is-resized\"><img loading=\"lazy\" decoding=\"async\" src=\"http:\/\/eipaie.com\/wp-content\/uploads\/2022\/11\/Reactivite.jpg\" alt=\"\" class=\"wp-image-394\" style=\"width:178px;height:178px\" width=\"178\" height=\"178\" srcset=\"https:\/\/eipaie.com\/wp-content\/uploads\/2022\/11\/Reactivite.jpg 612w, https:\/\/eipaie.com\/wp-content\/uploads\/2022\/11\/Reactivite-300x300.jpg 300w, https:\/\/eipaie.com\/wp-content\/uploads\/2022\/11\/Reactivite-150x150.jpg 150w\" sizes=\"auto, (max-width: 178px) 100vw, 178px\" \/><figcaption class=\"wp-element-caption\"><font _mstmutation=\"1\" _msthash=\"0\"><\/font><\/figcaption><\/figure>\n<\/div>\n\n\n<h3 class=\"wp-block-heading has-text-align-center has-text-color\" style=\"color:#602ff7\">R\u00e9activit\u00e9<\/h3>\n\n\n\n<p class=\"has-text-align-center\">Une r\u00e9ponse \u00e0 vos demandes sous 24 heures. Vos bulletins \u00e9dit\u00e9s sous 48 heures.<\/p>\n\n\n\n<div style=\"height:20px\" aria-hidden=\"true\" class=\"wp-block-spacer\"><\/div>\n<\/div>\n\n\n\n<div class=\"wp-block-column is-layout-flow wp-block-column-is-layout-flow\"><div class=\"wp-block-image icon-style is-style-rounded\">\n<figure class=\"aligncenter size-full is-resized\"><img loading=\"lazy\" decoding=\"async\" src=\"http:\/\/eipaie.com\/wp-content\/uploads\/2022\/11\/Fiabilite.jpg\" alt=\"\" class=\"wp-image-395\" style=\"width:175px;height:175px\" width=\"175\" height=\"175\" srcset=\"https:\/\/eipaie.com\/wp-content\/uploads\/2022\/11\/Fiabilite.jpg 474w, https:\/\/eipaie.com\/wp-content\/uploads\/2022\/11\/Fiabilite-300x300.jpg 300w, https:\/\/eipaie.com\/wp-content\/uploads\/2022\/11\/Fiabilite-150x150.jpg 150w\" sizes=\"auto, (max-width: 175px) 100vw, 175px\" \/><figcaption class=\"wp-element-caption\"><font _mstmutation=\"1\" _msthash=\"672464\"><\/font><\/figcaption><\/figure>\n<\/div>\n\n\n<h3 class=\"wp-block-heading has-text-align-center has-text-color\" style=\"color:#602ff7\">Fiabilit\u00e9<\/h3>\n\n\n\n<p class=\"has-text-align-center\">Nos gestionnaires de paie confirm\u00e9s vous garantissent une paie conforme.<\/p>\n\n\n\n<div style=\"height:20px\" aria-hidden=\"true\" class=\"wp-block-spacer\"><\/div>\n<\/div>\n<\/div>\n\n\n\n<div class=\"wp-block-cover alignfull has-parallax\" style=\"min-height:600px;aspect-ratio:unset;\"><span aria-hidden=\"true\" class=\"wp-block-cover__background has-nv-text-dark-bg-background-color has-background-dim-100 has-background-dim\"><\/span><div role=\"img\" class=\"wp-block-cover__image-background wp-image-444 has-parallax\" style=\"background-position:50% 50%;background-image:url(http:\/\/eipaie.com\/wp-content\/uploads\/2022\/11\/Sans-titre-1-3.png)\"><\/div><div class=\"wp-block-cover__inner-container is-layout-flow wp-block-cover-is-layout-flow\">\n<div class=\"wp-block-group\"><div class=\"wp-block-group__inner-container is-layout-flow wp-block-group-is-layout-flow\">\n<div style=\"height:40px\" aria-hidden=\"true\" class=\"wp-block-spacer\"><\/div>\n\n\n\n<div class=\"wp-block-columns are-vertically-aligned-center is-layout-flex wp-container-core-columns-is-layout-9d6595d7 wp-block-columns-is-layout-flex\">\n<div class=\"wp-block-column is-vertically-aligned-center is-layout-flow wp-block-column-is-layout-flow\" style=\"flex-basis:50%\">\n<figure class=\"wp-block-image size-full\"><img loading=\"lazy\" decoding=\"async\" width=\"500\" height=\"500\" src=\"http:\/\/eipaie.com\/wp-content\/uploads\/2022\/11\/Sans-titre-8.png\" alt=\"\" class=\"wp-image-668\" srcset=\"https:\/\/eipaie.com\/wp-content\/uploads\/2022\/11\/Sans-titre-8.png 500w, https:\/\/eipaie.com\/wp-content\/uploads\/2022\/11\/Sans-titre-8-300x300.png 300w, https:\/\/eipaie.com\/wp-content\/uploads\/2022\/11\/Sans-titre-8-150x150.png 150w\" sizes=\"auto, (max-width: 500px) 100vw, 500px\" \/><figcaption class=\"wp-element-caption\"><font _mstmutation=\"1\" _msthash=\"651313\"><\/font><\/figcaption><\/figure>\n<\/div>\n\n\n\n<div class=\"wp-block-column is-vertically-aligned-center is-layout-flow wp-block-column-is-layout-flow\" style=\"flex-basis:50%\">\n<div style=\"height:20px\" aria-hidden=\"true\" class=\"wp-block-spacer\"><\/div>\n\n\n\n<h2 class=\"wp-block-heading has-text-align-left has-neve-text-color-color has-text-color\">Gestionnaire d\u00e9di\u00e9<\/h2>\n\n\n\n<p class=\"has-text-align-left has-neve-text-color-color has-text-color\" style=\"font-size:17px\">Quoi de mieux qu\u2019un conseiller qui vous connait pour r\u00e9pondre \u00e0 vos questions. <br>Vous pouvez joindre votre gestionnaire par mail ou sur sa ligne directe du lundi au vendredi de 9H \u00e0 18H.<\/p>\n\n\n\n<div class=\"wp-block-buttons is-horizontal is-content-justification-left is-layout-flex wp-container-core-buttons-is-layout-7e5fce0a wp-block-buttons-is-layout-flex\"><\/div>\n<\/div>\n<\/div>\n<\/div><\/div>\n<\/div><\/div>\n\n\n\n<div class=\"wp-block-cover alignfull\" style=\"min-height:600px;aspect-ratio:unset;\"><span aria-hidden=\"true\" class=\"wp-block-cover__background has-nv-site-bg-background-color has-background-dim-100 has-background-dim\"><\/span><div class=\"wp-block-cover__inner-container is-layout-flow wp-block-cover-is-layout-flow\">\n<div class=\"wp-block-group\"><div class=\"wp-block-group__inner-container is-layout-flow wp-block-group-is-layout-flow\">\n<div style=\"height:80px\" aria-hidden=\"true\" class=\"wp-block-spacer\"><\/div>\n\n\n\n<div class=\"wp-block-columns are-vertically-aligned-center is-layout-flex wp-container-core-columns-is-layout-9d6595d7 wp-block-columns-is-layout-flex\">\n<div class=\"wp-block-column is-vertically-aligned-center is-layout-flow wp-block-column-is-layout-flow\" style=\"flex-basis:50%\">\n<h2 class=\"wp-block-heading has-text-align-left has-neve-text-color-color has-text-color\">Accompagnement juridique<\/h2>\n\n\n\n<p class=\"has-text-align-left has-neve-text-color-color has-text-color\" style=\"font-size:17px\"><font _mstmutation=\"1\" _msthash=\"16647020\" _msttexthash=\"1327989\">Le droit du travail \u00e9volue r\u00e9guli\u00e8rement<\/font><font _mstmutation=\"1\" _msthash=\"1022535\" _msttexthash=\"20827534\"><font _mstmutation=\"1\" _msthash=\"16647020\" _msttexthash=\"20827534\"><font _mstmutation=\"1\" _msthash=\"19582849\" _msttexthash=\"4004\">, <\/font><font _mstmutation=\"1\" _msthash=\"19582849\" _msttexthash=\"18443451\">il est de plus en plus complexe. I<\/font><font _mstmutation=\"1\" _msthash=\"19582849\" _msttexthash=\"17992143\">l faut donc se tenir \u00e0 jour. Nos sp\u00e9cialistes vous accompagne pour respecter vos obligations l\u00e9gales, et vous conseillent en fonction de votre convention collective et de la jurispr<\/font><\/font><font _mstmutation=\"1\" _msthash=\"16647020\" _msttexthash=\"186199\">udence.<\/font><\/font><br><font _mstmutation=\"1\" _msthash=\"0\"><\/font><\/p>\n\n\n\n<div class=\"wp-block-buttons is-horizontal is-content-justification-left is-layout-flex wp-container-core-buttons-is-layout-7e5fce0a wp-block-buttons-is-layout-flex\"><\/div>\n\n\n\n<div style=\"height:40px\" aria-hidden=\"true\" class=\"wp-block-spacer\"><\/div>\n<\/div>\n\n\n\n<div class=\"wp-block-column is-vertically-aligned-center is-layout-flow wp-block-column-is-layout-flow\" style=\"flex-basis:50%\">\n<figure class=\"wp-block-image size-full\"><img loading=\"lazy\" decoding=\"async\" width=\"500\" height=\"500\" src=\"http:\/\/eipaie.com\/wp-content\/uploads\/2022\/11\/Sans-titre-7.png\" alt=\"\" class=\"wp-image-663\" srcset=\"https:\/\/eipaie.com\/wp-content\/uploads\/2022\/11\/Sans-titre-7.png 500w, https:\/\/eipaie.com\/wp-content\/uploads\/2022\/11\/Sans-titre-7-300x300.png 300w, https:\/\/eipaie.com\/wp-content\/uploads\/2022\/11\/Sans-titre-7-150x150.png 150w\" sizes=\"auto, (max-width: 500px) 100vw, 500px\" \/><\/figure>\n<\/div>\n<\/div>\n\n\n\n<div style=\"height:40px\" aria-hidden=\"true\" class=\"wp-block-spacer\"><\/div>\n<\/div><\/div>\n<\/div><\/div>\n\n\n\n<div class=\"wp-block-cover alignfull has-parallax\" style=\"min-height:600px;aspect-ratio:unset;\"><span aria-hidden=\"true\" class=\"wp-block-cover__background has-nv-site-bg-background-color has-background-dim-100 has-background-dim\"><\/span><div role=\"img\" class=\"wp-block-cover__image-background wp-image-441 has-parallax\" style=\"background-position:50% 50%;background-image:url(http:\/\/eipaie.com\/wp-content\/uploads\/2022\/11\/Sans-titre-1-1.png)\"><\/div><div class=\"wp-block-cover__inner-container is-layout-flow wp-block-cover-is-layout-flow\">\n<div class=\"wp-block-group\"><div class=\"wp-block-group__inner-container is-layout-flow wp-block-group-is-layout-flow\">\n<div style=\"height:80px\" aria-hidden=\"true\" class=\"wp-block-spacer\"><\/div>\n\n\n\n<div class=\"wp-block-columns are-vertically-aligned-center is-layout-flex wp-container-core-columns-is-layout-9d6595d7 wp-block-columns-is-layout-flex\">\n<div class=\"wp-block-column is-vertically-aligned-center is-layout-flow wp-block-column-is-layout-flow\" style=\"flex-basis:50%\">\n<figure class=\"wp-block-image size-full\"><img loading=\"lazy\" decoding=\"async\" width=\"500\" height=\"500\" src=\"http:\/\/eipaie.com\/wp-content\/uploads\/2022\/11\/Sans-titre-11.png\" alt=\"\" class=\"wp-image-689\" srcset=\"https:\/\/eipaie.com\/wp-content\/uploads\/2022\/11\/Sans-titre-11.png 500w, https:\/\/eipaie.com\/wp-content\/uploads\/2022\/11\/Sans-titre-11-300x300.png 300w, https:\/\/eipaie.com\/wp-content\/uploads\/2022\/11\/Sans-titre-11-150x150.png 150w\" sizes=\"auto, (max-width: 500px) 100vw, 500px\" \/><\/figure>\n<\/div>\n\n\n\n<div class=\"wp-block-column is-vertically-aligned-center is-layout-flow wp-block-column-is-layout-flow\" style=\"flex-basis:50%\">\n<div style=\"height:40px\" aria-hidden=\"true\" class=\"wp-block-spacer\"><\/div>\n\n\n\n<h2 class=\"wp-block-heading has-text-align-left has-nv-dark-bg-color has-text-color\">Offre sur mesure<font _mstmutation=\"1\" _msthash=\"0\"><\/font><\/h2>\n\n\n\n<p class=\"has-nv-dark-bg-color has-text-color\">Nos forfaits incluent l\u2019essentiel de vos besoins. Aucun co\u00fbt suppl\u00e9mentaire pour le param\u00e9trage entreprise et salari\u00e9.<\/p>\n\n\n\n<p class=\"has-text-align-left has-nv-dark-bg-color has-text-color\" style=\"font-size:17px\">Nos tarifs d\u00e9pendent de la taille de votre entreprise et du nombre de salari\u00e9s.Vous payez le prix le plus juste.<\/p>\n\n\n\n<div class=\"wp-block-buttons is-horizontal is-content-justification-left is-layout-flex wp-container-core-buttons-is-layout-7e5fce0a wp-block-buttons-is-layout-flex\"><\/div>\n<\/div>\n<\/div>\n\n\n\n<div style=\"height:50px\" aria-hidden=\"true\" class=\"wp-block-spacer\"><\/div>\n<\/div><\/div>\n<\/div><\/div>\n\n\n\n<div class=\"wp-block-cover alignfull is-light has-parallax\" style=\"min-height:300px;aspect-ratio:unset;\"><span aria-hidden=\"true\" class=\"wp-block-cover__background has-nv-site-bg-background-color has-background-dim-0 has-background-dim\"><\/span><div role=\"img\" class=\"wp-block-cover__image-background wp-image-442 has-parallax\" style=\"background-position:50% 50%;background-image:url(http:\/\/eipaie.com\/wp-content\/uploads\/2022\/11\/Sans-titre-1-2.png)\"><\/div><div class=\"wp-block-cover__inner-container is-layout-flow wp-block-cover-is-layout-flow\">\n<div style=\"height:140px\" aria-hidden=\"true\" class=\"wp-block-spacer\"><\/div>\n\n\n\n<h2 class=\"wp-block-heading has-text-align-center has-nv-dark-bg-color has-text-color\">Vous avez une question, ou vous souhaitez un devis ?<\/h2>\n\n\n\n<p class=\"has-text-align-center has-nv-dark-bg-color has-text-color\"> Nous sommes \u00e0 votre disposition, et sommes joignable par email : <strong>e.gogniat@eipaie.fr ou par t\u00e9l\u00e9phone : 06 22 42 87 74<\/strong><\/p>\n\n\n\n<div class=\"wp-block-buttons is-horizontal is-content-justification-center is-layout-flex wp-container-core-buttons-is-layout-499968f5 wp-block-buttons-is-layout-flex\">\n<div class=\"wp-block-button is-style-primary\"><a class=\"wp-block-button__link has-nv-site-bg-color has-nv-dark-bg-background-color has-text-color has-background wp-element-button\" href=\"http:\/\/eipaie.com\/index.php\/15c42-web-agency-gb-contact-us\/\">CONTACTEZ &#8211; NOUS<\/a><\/div>\n<\/div>\n\n\n\n<div style=\"height:140px\" aria-hidden=\"true\" class=\"wp-block-spacer\"><\/div>\n<\/div><\/div>\n\n\n\n<p><\/p>\n","protected":false},"excerpt":{"rendered":"<p>Conseils illimit\u00e9s Le conseil est inclus dans votre forfait. Aucun co\u00fbt suppl\u00e9mentaire. R\u00e9activit\u00e9 Une r\u00e9ponse \u00e0 vos demandes sous 24 heures. Vos bulletins \u00e9dit\u00e9s sous 48 heures. Fiabilit\u00e9 Nos gestionnaires de paie confirm\u00e9s vous garantissent une paie conforme.<\/p>\n","protected":false},"author":1,"featured_media":38,"parent":0,"menu_order":0,"comment_status":"closed","ping_status":"closed","template":"","meta":{"neve_meta_sidebar":"default","neve_meta_container":"contained","neve_meta_enable_content_width":"on","neve_meta_content_width":100,"neve_meta_title_alignment":"","neve_meta_author_avatar":"","neve_post_elements_order":"","neve_meta_disable_header":"","neve_meta_disable_footer":"","neve_meta_disable_title":"on","_ti_tpc_template_sync":false,"_ti_tpc_template_id":"cwhkd9lki581rusuhjti","footnotes":""},"class_list":["post-308","page","type-page","status-publish","has-post-thumbnail","hentry"],"_links":{"self":[{"href":"https:\/\/eipaie.com\/index.php\/wp-json\/wp\/v2\/pages\/308","targetHints":{"allow":["GET"]}}],"collection":[{"href":"https:\/\/eipaie.com\/index.php\/wp-json\/wp\/v2\/pages"}],"about":[{"href":"https:\/\/eipaie.com\/index.php\/wp-json\/wp\/v2\/types\/page"}],"author":[{"embeddable":true,"href":"https:\/\/eipaie.com\/index.php\/wp-json\/wp\/v2\/users\/1"}],"replies":[{"embeddable":true,"href":"https:\/\/eipaie.com\/index.php\/wp-json\/wp\/v2\/comments?post=308"}],"version-history":[{"count":84,"href":"https:\/\/eipaie.com\/index.php\/wp-json\/wp\/v2\/pages\/308\/revisions"}],"predecessor-version":[{"id":724,"href":"https:\/\/eipaie.com\/index.php\/wp-json\/wp\/v2\/pages\/308\/revisions\/724"}],"wp:featuredmedia":[{"embeddable":true,"href":"https:\/\/eipaie.com\/index.php\/wp-json\/wp\/v2\/media\/38"}],"wp:attachment":[{"href":"https:\/\/eipaie.com\/index.php\/wp-json\/wp\/v2\/media?parent=308"}],"curies":[{"name":"wp","href":"https:\/\/api.w.org\/{rel}","templated":true}]}}